et b(t) = 27*t**2 + t - 2. Calculate b(1).
26
Let n(d) = d**3 + 13*d**2 - 12*d + 12. Give n(-14).
-16
Let w(m) = -m**2 + 24. What is w(-7)?
-25
Let l(h) = -h**2 + 5*h + 4. Give l(5).
4
Let y(v) = -v - 9. Determine y(0).
-9
Let u(g) = 5*g + 4. Calculate u(-2).
-6
Let z(c) = -3*c - 149. What is z(-39)?
-32
Let k(b) = 2*b**3 - 3*b**2 - 3*b - 2. Give k(3).
16
Let s(y) = y**3 + 13*y**2 + 12*y + 2. Determine s(-12).
2
Let a(v) = -v**2 - 9*v - 12. What is a(-8)?
-4
Let h(k) = -k**3 - 22*k**2 + 3*k + 49. What is h(-22)?
-17
Let z(w) = -9*w - 1. Determine z(-8).
71
Let t(v) = 34*v + 164. Determine t(-5).
-6
Let m(o) = o + 13. Determine m(8).
21
Let x(g) = -5*g + 10. Determine x(-13).
75
Let u(x) = -2*x + 2. Give u(-2).
6
Let t(p) = -p**2 - 14*p - 16. Give t(-12).
8
Let j(z) = -9*z + 32. What is j(5)?
-13
Let u(r) = -r**3 + r**2 + 9*r + 3. Give u(4).
-9
Let v(l) = l**2 + 11*l - 3. What is v(-13)?
23
Let v(t) = t**3 - 18*t**2 + 18*t - 19. Give v(17).
-2
Let k(j) = -j**3 + 5*j**2 + 12*j + 5. What is k(-2)?
9
Let t(z) = -32*z**3 + 4*z**2 + 4*z + 1. Calculate t(-1).
33
Let a(u) = u**3 - 3*u**2 - u + 3. What is a(5)?
48
Let r(i) = i**3 + 9*i**2 + 21*i + 5. What is r(-5)?
0
Let o(h) = -3*h + 44. Calculate o(12).
8
Let a(g) = -73*g + 1828. Give a(25).
3
Let t(f) = -f**3 - 2*f**2 + 11*f - 9. Give t(-4).
-21
Let z(r) = r**3 - 11*r**2 + 18*r + 5. What is z(9)?
5
Let a(u) = -u**3 + 2*u - 3. Determine a(3).
-24
Let j(n) = n**3 - 6*n**2 + 36*n - 208. Determine j(6).
8
Let q(v) = 9*v - 5. Calculate q(2).
13
Let u(p) = 3*p**2 - 12*p + 8. Give u(5).
23
Let d(v) = -2*v + 8. Give d(0).
8
Let b(v) = -5*v + 25. Give b(8).
-15
Let c(x) = -x**3 - 6*x**2 + 5*x + 13. Determine c(-6).
-17
Let o(h) = h**3 - 13*h**2 + h - 17. Give o(13).
-4
Let m(c) = 2*c + 15. Determine m(-6).
3
Let n(x) = 24*x + 54. Give n(-3).
-18
Let n(y) = -2*y + 33. Calculate n(17).
-1
Let v(b) = b**2 - 3*b. What is v(7)?
28
Let r(n) = -n**2 + 19*n - 35. Give r(18).
-17
Let k(y) = -y**3 + 5*y**2 + 15*y + 2. Calculate k(7).
9
Let x(t) = t**2 + t + 3. Calculate x(2).
9
Let m(t) = -2*t**2 + 4*t + 10. Determine m(8).
-86
Let n(g) = -2*g**3 + 21*g**2 - 15*g + 28. Calculate n(10).
-22
Let f(v) = 4*v - 15. What is f(3)?
-3
Let j(l) = 64*l + 3. Give j(1).
67
Let x(u) = u**2 - 2*u + 7. Give x(0).
7
Let d(t) = t - 26. What is d(0)?
-26
Let n(u) = u**3 - 6*u**2 + 5*u - 1. Determine n(5).
-1
Let c(t) = 2*t**3 + 22*t**2 - 13. Calculate c(-11).
-13
Let v(j) = -4*j**2 - 8*j + 5. What is v(-5)?
-55
Let c(q) = -8*q**2 - 79*q + 15. Calculate c(-10).
5
Let u(f) = 6*f - 30. Calculate u(6).
6
Let l(q) = -4*q - 13. Give l(-4).
3
Let p(i) = i**2 + 7*i + 5. What is p(8)?
125
Let h(x) = x**3 + 2*x**2 - 2*x - 4. Determine h(2).
8
Let l(u) = 2*u**3 + 2*u**2 + 3. What is l(-2)?
-5
Let l(a) = a**2 - 3*a - 3. Calculate l(6).
15
Let o(h) = h**2 + 7*h - 9. Calculate o(-7).
-9
Let z(y) = 66*y - 202. Give z(3).
-4
Let r(q) = 2*q**2 + 10*q + 1. What is r(-7)?
29
Let m(b) = b**2 + 25*b + 2. Determine m(-25).
2
Let x(t) = -t**2 + 14*t + 14. Determine x(15).
-1
Let x(l) = -7*l**3 + 3*l**2 - 10*l + 4. Give x(3).
-188
Let o(s) = s**2 - 6*s - 6. Give o(8).
10
Let w(u) = -32*u + 32. Give w(-4).
160
Let j(g) = -14*g - 21. Calculate j(7).
-119
Let h(i) = 8*i - 89. Give h(22).
87
Let t(x) = x + 27. Determine t(-26).
1
Let a(g) = -18*g - 15. What is a(-5)?
75
Let r(h) = -2*h**2 - 24*h - 16. Determine r(-11).
6
Let d(r) = -r**3 - 2*r**2 + 9*r - 1. What is d(-4)?
-5
Let j(y) = y - 9. Give j(3).
-6
Let z(b) = -b**3 + 36*b**2 + 32*b + 171. Determine z(37).
-14
Let q(h) = -h**2 + 2*h + 1. Determine q(-2).
-7
Let v(r) = 3*r**2 + 18*r + 10. Determine v(-6).
10
Let x(h) = -h**3 + 4*h**2 - 5*h + 3. What is x(2)?
1
Let h(j) = -27*j + 5. What is h(-3)?
86
Let l(s) = -s**2 - s - 17. Calculate l(0).
-17
Let s(p) = -4*p**3 - p**2 - 3*p + 3. Determine s(1).
-5
Let p(x) = 3*x - 31. What is p(9)?
-4
Let v(y) = -3*y + 16. What is v(-1)?
19
Let h(v) = -v + 2. Calculate h(7).
-5
Let w(o) = o**2 - 26. Determine w(0).
-26
Let y(i) = 14*i - 191. Determine y(13).
-9
Let i(t) = -t**3 + 54*t**2 + 113*t - 64. Give i(56).
-8
Let s(u) = -u**2 + 8*u + 21. Determine s(10).
1
Let i(q) = q**3 + 5*q**2 + 2*q + 6. Calculate i(-5).
-4
Let l(u) = -u**3 + 13*u**2 - 6*u + 82. Determine l(13).
4
Let u(x) = x**2 + 13*x - 28. Determine u(-13).
-28
Let j(m) = -m**3 + 13*m**2 + 3*m - 32. What is j(13)?
7
Let u(f) = -15*f**2 - 105*f. Determine u(-7).
0
Let k(q) = -2*q**2 + 1. Determine k(-3).
-17
Let d(n) = -6*n + 6. Calculate d(-4).
30
Let p(i) = i**2 + 8*i + 9. Calculate p(-9).
18
Let s(c) = -26*c + 25. What is s(1)?
-1
Let x(i) = -2*i**2 - 10*i - 9. Give x(-7).
-37
Let l(k) = -5*k - 17. What is l(-7)?
18
Let c(r) = -r**3 - 4*r**2 + 26*r - 15. Give c(-8).
33
Let s(w) = -3*w - 19. Give s(14).
-61
Let s(o) = -5*o - 22. Calculate s(-6).
8
Let m(f) = -5*f**3 + 5*f**2 + 6*f - 5. Determine m(-3).
157
Let z(a) = 2*a**2 + 11*a - 3. Determine z(-5).
-8
Let k(a) = -45*a - 323. What is k(-7)?
-8
Let x(g) = -g**2 + 13*g - 7. Give x(12).
5
Let r(p) = -p - 3. What is r(4)?
-7
Let x(s) = -2*s**2 - 35*s + 14. Give x(-18).
-4
Let v(u) = u**3 + 20*u**2 + 34*u - 291. Calculate v(-17).
-2
Let p(k) = 12*k + 266. Determine p(-22).
2
Let r(g) = g**2 - 54*g + 54. What is r(53)?
1
Let z(o) = -o**3 - 12*o**2 - 12*o + 14. Calculate z(-11).
25
Let q(p) = -18*p + 82. Calculate q(5).
-8
Let d(u) = u**2 - 16*u + 4. Give d(16).
4
Let b(i) = i**2 - 9*i + 6. Give b(7).
-8
Let i(r) = -2*r**3 - 12*r**2 + 8*r + 53. Calculate i(-6).
5
Let z(x) = -x + 22. Give z(-16).
38
Let c(u) = u**2 + 6*u + 17. What is c(-4)?
9
Let s(j) = -2*j**3 + 9*j**2 + 17*j + 9. Determine s(6).
3
Let p(n) = n - 4. What is p(-5)?
-9
Let d(o) = -o**3 - 6*o**2 - 5*o + 3. What is d(-5)?
3
Let y(s) = 4*s + 24. Determine y(-4).
8
Let a(p) = -19*p**2 + p + 1. Determine a(1).
-17
Let v(c) = -8*c + 48. Determine v(0).
48
Let y(c) = -2*c**3 + 26*c**2 - 25*c + 15. Determine y(12).
3
Let h(g) = -5*g**2 + 6*g + 7. Determine h(-2).
-25
Let z(p) = -2*p + 50. Give z(24).
2
Let t(f) = -f**3 - 16*f**2 - 51*f - 18. Give t(-12).
18
Let r(n) = n**3 + 13*n**2 + 8*n - 39. Give r(-12).
9
Let z(g) = g**2 - 9*g + 1. Give z(8).
-7
Let b(j) = 2*j - 21. Give b(-7).
-35
Let n(v) = -v**2 - 4*v - 7. What is n(4)?
-39
Let y(j) = j**2 + 22*j + 4. Calculate y(-22).
4
Let t(h) = -97*h. Determine t(1).
-97
Let g(z) = z**3 - 9*z**2 - 10*z + 15. Calculate g(10).
15
Let d(u) = -5*u - 40. What is d(-8)?
0
Let k(b) = b**3 - b**2 + 4*b + 20. What is k(0)?
20
Let s(c) = c**2 - c - 16. What is s(-3)?
-4
Let z(c) = c + 17. Give z(-16).
1
Let f(c) = -2*c**3 - 19*c**2 - 10*c - 1. Determine f(-9).
8
Let u(m) = -5*m + 25. Give u(16).
-55
Let u(j) = j**2 + 20*j - 37. Determine u(-22).
7
Let q(m) = -m**3 - 42*m**2 - 214*m + 17. Give q(-6).
5
Let k(p) = 2*p + 10. Give k(-8).
-6
Let p(b) = b**2 - b + 8. What is p(0)?
8
Let h(r) = r**2 + 20*r - 63. Determine h(3).
6
Let f(v) = 22*v - 237. What is f(11)?
5
Let b(a) = a**3 + 19*a**2 + 14*a - 88. Calculate b(-18).
-16
Let d(h) = -2*h**3 - 13*h**2 - 2*h - 6. Determine d(-6).
-30
Let f(r) = -r**2 + 9*r - 14. What is f(6)?
4
Let p(q) = -q**3 + 5*q**2 - 2*q + 3. Determine p(5).
-7
Let p(a) = -2*a**2 - 2. Calculate p(-3).
-20
Let n(v) = -3*v + 9. Give n(-7).
30
Let l(x) = x**3 - 14*x**2 + x + 5. What is l(14)?
19
Let s(t) = t + 13. Calculate s(-13).
0
Let r(y) = y**3 - 20*y**2 - 2. What is r(20)?
-2
Let m(t) = -2*t + 28. Give m(13).
2
Let z(y) = -28*y - 159. Give z(-6).
9
Let m(s) = -s**3 + 9*s**2 - 7*s - 5. Give m(8).
3
Let d(j) = -j**2 - 10*j + 70. Determine d(5).
-5
Let o(u) = -u**2 - 29*u + 38. Give o(-29).
38
Let h(w) = w**3 + 3*w - 1. Give h(0).
-1
Let s(t) = t**2 - 6*t - 109. Determine s(-8).
3
Let b(z) = -8*z - 13. Determine b(-6).
35
Let b(l) = 6*l - 12. Calculate b(-6).
-48
Let y(n) = -6*n - 2. What is y(-1)?
4
Let l(u) = u**2 + 3*u - 1. Determine l(2).
9
Let k(o) = -o + 2. Determine k(-2).
4
Let x(m) = m**3 + 13*m**2 + 12*m + 2. Determine x(-12).
2
Let b(l) = -l**3 + 15*l**2 - 52*l - 9. Determine b(7).
19
Let m(n) = -2*n + 48. Determine m(25).
-2
Let q(r) = -2*r + 9. What is q(4)?
1
Let g(o) = -o**2 + o + 17. Calculate g(0).
17
Let d(i) = -i**3 - 6*i**2 + 7*i + 16. Determine d(-7).
16
Let v(h) = -7*h - 57. Determine v(-13).
34
Let x(p) = 2*p**3 + 12*p**